4*b + 4. Let o be x(-2). Suppose o = 32*d - 33*d + 5. Suppose -d*m + 175 = -0*m. Calculate the remainder when m is divided by 9.
8
Suppose 0 = -11*n + n + 390. What is the remainder when n - (-7)/((-7)/5) is divided by 7?
6
Let t be (-1 + (-121)/(-33))/(2/3). What is the remainder when 113 is divided by 3 + (t/6 - 1566/(-81))?
21
Suppose -57*l = -t - 58*l + 20, -3*l + 38 = 2*t. Let p(y) = -8*y - 12. Calculate the remainder when p(-5) is divided by t.
6
Let t be 14179/66 + (-30)/36. Suppose -5*d + 81 = -t. What is the remainder when d is divided by 9?
5
Suppose 0 = 14*c - 1194*v + 1196*v - 159278, 0 = 4*c - 5*v - 45547. What is the remainder when c is divided by 3?
2
Suppose -196767 = -1006*g + 29583. What is the remainder when g is divided by ((-26)/(-6))/((-4)/(-60))?
30
Calculate the remainder when (3 - -13) + -19 + 69/6*268 is divided by 110.
109
Let b(r) = -6*r + 9. Let x = -7627 + 7724. What is the remainder when x is divided by b(-4)?
31
Let r(l) be the third derivative of l**5 + l**4/24 + l**3/3 - 2*l**2 - 16*l. What is the remainder when 123 is divided by r(1)?
60
Let c(q) = 5*q - 1. Calculate the remainder when 7 + (-11 - (-5 - -5)) - -28 is divided by c(2).
6
Suppose 1099 = -214*y + 979 + 6968. What is the remainder when 659 is divided by y?
19
Calculate the remainder when 126 is divided by 8/(10 + -2)*41.
3
Suppose 8*j + 567 = -j. Let u = j - -83. What is the remainder when 58 is divided by u?
18
What is the remainder when 445 is divided by (-1 + 2 + 0)*80*50/160?
20
Let v(f) = 4*f**2 + 107*f - 239. Calculate the remainder when v(-30) is divided by 6086/153 - (-2)/9.
31
Let n(p) = 26*p**2 - 87*p + 187. What is the remainder when n(4) is divided by 107?
41
Let k be 120 + ((-12)/4 - -3). Suppose 42*b - 37*b = 75. Suppose -b*y = -17*y + k. What is the remainder when 176 is divided by y?
56
Let d(q) = q**3 + 11*q**2 - 3*q - 7. Suppose k - 3*w - 4 = 0, 0*w = 2*w. Calculate the remainder when (k + -3)*(104 - 1) is divided by d(-11).
25
What is the remainder when 1726 is divided by (4 + -22)*(-80)/60?
22
Suppose n - 35 - 39 = -a, 4*n + 2*a - 292 = 0. Let y = n - 60. Suppose 380 = -7*p + y*p. What is the remainder when p is divided by 13?
11
Let d = 12290 + -11878. What is the remainder when d is divided by 22?
16
Let g(y) = -y + 20. Let c(k) = 3*k - 39. Let b(z) = 4*c(z) + 9*g(z). Let l = -23 + 36. Calculate the remainder when b(17) is divided by l.
10
What is the remainder when (55/4)/((-1740)/160 - -11) is divided by 96?
14
Let g = 2927 - 2865. What is the remainder when 365 is divided by g?
55
Suppose -201*k + 3092 = -3361 + 2634. Calculate the remainder when k is divided by 50/(-15)*(-24)/10.
3
Let y be (12/(-9))/((-6)/180). Suppose w + n = y, 2*n = -w + 40 + 1. What is the remainder when w is divided by 15?
9
Suppose j + 4*m - 45 = 0, 5*j + m = 9*j - 231. Let a(s) = 15*s**3 + 2*s**2 - 2*s + 1. What is the remainder when j is divided by a(1)?
9
Let i(y) = y**3 - 6*y**2 - 26*y + 31. Suppose -4*w + 51 = 2*g - 15, -w + 3 = 5*g. What is the remainder when i(9) is divided by w?
4
Let b(p) = 197*p - 2097. Let l = 130 + -93. What is the remainder when b(11) is divided by l?
33
Let r(f) = -f**3 - 3*f**2 + 2*f + 5. What is the remainder when r(-5) is divided by 18/(-48) - (195/(-260) + 125/(-8))?
13
Let c be (-4)/(-8) - 1005/(-10). Let f = c - 104. What is the remainder when (-3)/(f/32) + (-20)/(-5) is divided by 19?
17
Let g = -157 + 231. Calculate the remainder when g is divided by (2 - -8) + 8 + 7.
24
Let o be (17/(-1))/((-7)/(112/(-4))). Suppose -2*t + 5*t = -p - 60, t = -2*p - 110. Let l = p - o. What is the remainder when 78 is divided by l?
8
Let b(u) = -u**3 - 14*u**2 + 13*u - 18. Suppose 0 = 7*d - 5*d - 310. Calculate the remainder when d is divided by b(-15).
11
Suppose o - 1299 = -1302, -a = -5*o - 65. Calculate the remainder when 691 is divided by a.
41
Suppose 283 = 3*t + h, -2*t - 3*h + 186 = -h. What is the remainder when 233 is divided by t?
43
Suppose -975 = -5*b + 5*t, -275 = -2*b - 5*t + 122. Suppose -6*v - 550 + b = 0. Let i = -46 - v. What is the remainder when 88 is divided by i?
10
Suppose 121*n - 250*n + 137*n - 184 = 0. Suppose -3*x + 198 = -0*x. Calculate the remainder when x is divided by n.
20
Suppose -123 = 5*t - 4523. Suppose 0 = -10*s - 12*s + t. Calculate the remainder when (-4 - -2)*231/(-6) is divided by s.
37
Suppose 62*u - 423 = 73. What is the remainder when 205 is divided by u?
5
Let m = -24305 - -24549. Calculate the remainder when 6830 is divided by m.
242
Suppose -w - 5*r + 12377 = 0, -13*w = -18*w + r + 61989. Calculate the remainder when w is divided by 50.
47
Let w(z) = 71*z + 1839. What is the remainder when 110 is divided by w(-25)?
46
Suppose -3*o + 5*w = -168, -w = -o - 3*w + 67. Let d = 61 - o. Suppose 2*x - 4*k - 68 = d, 4*x = 2*x - k + 48. Calculate the remainder when 96 is divided by x.
18
Let d = 189 + -130. Let k be 0*(-6 + -2 + 7). Suppose -2*l = -5*r - 20, l - r + 10 - 26 = k. What is the remainder when d is divided by l?
19
Suppose -9*j = -779 + 14. Suppose 4*v - 3*v = 2. Suppose 149 = 3*n + 4*f, -4 = -v*f + 6. Calculate the remainder when j is divided by n.
42
Let w(k) = -3*k**2 - 16*k - 1. Let h be w(-5). Suppose -12*j + 1512 = -h*j. Suppose 3*b = -0*b + j. Calculate the remainder when b is divided by 33.
30
Let i(k) = -2*k**3 - 65*k**2 - 95*k - 989. Calculate the remainder when i(-37) is divided by 16.
15
Let j = 85 + -38. Suppose w - 9 = -0. Suppose -w*n + 24 = -66. Calculate the remainder when j is divided by n.
7
Let g = 79 - 79. Suppose h = 2*h + 2*n - 14, 5*h + 4*n - 58 = g. What is the remainder when 19 is divided by h?
9
Let i(m) = 45*m**2 - 581*m + 52. Calculate the remainder when i(17) is divided by 39.
21
Let h = 556 + -311. What is the remainder when h is divided by -5 + (-1 - -15) + 12?
14
Suppose -3*a + 78 - 72 = 0. Suppose 0 = -5*c + 2*b + 33, -a*c + 0*b - 4*b + 18 = 0. Suppose 0 = c*h - 50 - 83. What is the remainder when h is divided by 2?
1
Let x = 450 + -381. Calculate the remainder when 263 is divided by x.
56
Let w = 110 - 39. Let f = 275 - 205. Suppose f = 2*x - 2*k + 26, -3*x = -4*k - 69. Calculate the remainder when w is divided by x.
14
Let m = -494 + 805. Suppose 0 = -185*u + 5281 + 4339. Calculate the remainder when m is divided by u.
51
Let p = -442 + 365. Let r = p + 170. Let d(z) = z**2 - 2*z - 5. Calculate the remainder when r is divided by d(6).
17
Suppose r = -4*r - 25, a - 51 = 4*r. What is the remainder when 623 is divided by a?
3
Suppose 5*w = -o + 290, 4*w - 40 = 3*o + 192. What is the remainder when 458 is divided by w?
52
Suppose -25 = 5*j + 3*k, -2*j + 3*k + 0 = 10. Let z = j - -12. Suppose -z*v + 131 = -205. What is the remainder when v is divided by 10?
8
Suppose 11*y = -65 - 12. What is the remainder when ((-234)/13 - 3*-1)*y is divided by 36?
33
Suppose 18 - 27 = -3*j. Suppose -p + 11*r = 7*r + j, 2*p - 21 = -r. Calculate the remainder when (1 + 0)/((-1)/(-69)) is divided by p.
6
Suppose -70 = -258*c + 265*c. Calculate the remainder when 215 is divided by (3/(-15))/(c/(-50))*-17.
11
Let p be 132/33 + (-1)/2*2. Suppose -2*t + p*t - 71 = -x, -3*x + 4*t = -199. Calculate the remainder when 551 is divided by x.
68
Let z(g) = 7*g + 37. Let p be (-7)/21*9*(3 + -2). What is the remainder when 102 is divided by z(p)?
6
Let p(d) = -473*d - 1919. Calculate the remainder when p(-5) is divided by 41.
36
Let n = -3037 - -4835. Calculate the remainder when n is divided by 60.
58
Let c = 19 + -6. Suppose 308 = 7*b - 231. What is the remainder when (-1)/((-309)/b - -4) is divided by c?
12
Let u be ((-135)/54)/((-5)/4). Suppose 2*y = 4*f + 570, 0*y - u*y + 5*f + 566 = 0. Calculate the remainder when y is divided by 21.
20
Let o be (-818 + (1 - 1))/(-2). Let l = -756 - -501. Let t = l + o. What is the remainder when t is divided by 39?
37
Suppose 210 = -7*k + 637. Suppose -57*z - 408 = -k*z. What is the remainder when 402 is divided by z?
96
Let x(l) = 460*l**2 + 5*l - 4. Let s be x(1). Suppose -f + s = 434. What is the remainder when 52 is divided by f?
25
Let s = -1514 + 1523. Let u = -5 - -6. Calculate the remainder when (-1 - 23)/(u/(-1)) is divided by s.
6
Suppose 2*p - 1853 = 3*n, p = 4*n + 1044 - 120. Suppose 2*w = -6*w + p. Calculate the remainder 